ine h(k).
-10
Let p(a) = a**2 + 7*a + 5. Suppose 2*v = -2*v - 96. Let j = v + 18. Determine p(j).
-1
Let o(k) be the second derivative of k**6/60 - k**5/60 - k**4/8 - k**3/6 - 13*k**2/2 + 4*k. Let c(s) be the first derivative of o(s). Calculate c(-2).
-15
Let q(a) be the second derivative of -a**5/20 + a**4/2 + 3*a**3/2 - a**2/2 + 2*a + 31. Calculate q(7).
13
Let y be (-12)/(-9)*(-12)/(-16) + 51. Let n(f) = y*f**2 + 8 - f - 107*f**2 + 49*f**2 + f**3. Calculate n(6).
2
Suppose 3*d - 7*d = 0. Let u(j) = -2*j - 2. What is u(d)?
-2
Let f(h) = -h**3 + 3*h**2 + 12*h - 4. Let s be f(-3). Let y(x) = x**3 - 15*x**2 + 16*x - 19. Determine y(s).
9
Let h(c) = 2*c + 1. Let u(g) = 9*g + 2. Let m(p) = 4*h(p) - u(p). What is m(7)?
-5
Let i be 1 + 2*5 - (32 - 32). Let c(k) = 18*k**3 + 4*k**2 - 2*k + 5. Let y(w) = -53*w**3 - 11*w**2 + 6*w - 14. Let t(g) = i*c(g) + 4*y(g). Calculate t(1).
-13
Let f(d) = -d**3 - d**2 + d + 4. Let p = 19 - 19. Let b be (p/(0 + -1))/(-5). Give f(b).
4
Let h(a) = -16*a + 2. Let y be h(0). Let w(x) = -x**3 + 2*x**2 - 3. Give w(y).
-3
Let d(p) = -p**2 + 734 - 12*p - 369 - 370. Give d(-12).
-5
Let t = -35 + 38. Let q(i) = -5*i**2 - 7*i - 20 + 6*i**2 + 15 - t*i**2. Calculate q(-5).
-20
Let u(s) = -s**3 + 6*s**2 - 3*s + 2. Let o be (-55)/44*-5 - (-2)/(-8). Determine u(o).
-16
Let m(d) = d**2 + d + 2. Let a be m(-2). Suppose a*b - 26 = 6. Suppose 2*k + b = -0. Let s(w) = -w**2 - 3*w + 3. Give s(k).
-1
Suppose 281*z + 36 = 290*z. Let k(t) = -4*t - 10. Calculate k(z).
-26
Let y(b) = b**2 + 3*b + 3. Let z(m) = m + 3. Let r(w) = -1. Let f(k) = -3*r(k) - z(k). Let s be f(4). Determine y(s).
7
Let b(u) be the second derivative of u**3/6 + 3*u**2/2 + 10*u - 3. Calculate b(6).
9
Let w(h) be the first derivative of 1/4*h**4 + 4*h - 5/3*h**3 + 11 - 4*h**2. Calculate w(6).
-8
Let h(r) be the second derivative of -r**3/3 - 4*r**2 + 2*r - 3. Give h(-10).
12
Suppose -9*c = -14983 + 15037. Let h(p) = -6*p + 2*p - 2*p - p**2. Determine h(c).
0
Let s(v) = 4*v**3 + 2*v**2 - 2*v. Suppose 4*c + 3*d + 23 = 6*d, -d = -4*c - 13. What is s(c)?
-20
Let h(g) = -g + 14. Suppose 2 - 12 = 4*k - 2*t, 3*k + 5*t = 25. Determine h(k).
14
Suppose -54*g + 336 = -12*g. Let q(o) = 2*o**3 - 16*o**2 - o + 12. What is q(g)?
4
Let j = 68 - 63. Let b(x) = -2*x + 22. Let r(l) = -l + 15. Let t(c) = j*b(c) - 8*r(c). Determine t(-7).
4
Suppose -4*x = 4*x - 616. Let l = 71 - x. Let n(b) = b**3 + 7*b**2 + 5*b - 5. Calculate n(l).
1
Suppose -j = -0*j, 15 = 5*y + 4*j. Let a be -1 - (-1)/(2/8). Suppose y*s + 3*i + 24 = 0, -a*s - 7 = s - i. Let f(w) = 6*w + 3. Determine f(s).
-15
Suppose y = 3*g + g - 74, 0 = -2*g - 4*y + 28. Suppose 5*b + s = g - 5, -b = -s - 5. Let o(t) = -t**b + 4*t - t + t**2 + 2*t**3 - 2*t**3 + 1. Give o(-2).
7
Let r(z) = -7*z**3 + 9*z**2 + 15*z + 16. Let a(s) = 23*s**3 - 27*s**2 - 45*s - 49. Let h(f) = -4*a(f) - 13*r(f). Calculate h(-7).
-5
Suppose 12*f + 8 = -4. Let h(z) = 8*z + 2. Give h(f).
-6
Let k = 199 + -186. Let z(j) = -j**3 + 12*j**2 + 14*j - 8. Calculate z(k).
5
Suppose 0 = 150*n - 28*n + 366. Let o(r) = r - 1. Let m(t) = -3*t - 6. Let d(y) = m(y) - 4*o(y). What is d(n)?
19
Let o(m) = -m**3 - 15*m**2 - 24*m + 28. Let v be o(-13). Suppose 5*p + v + 23 = 0. Let a(n) = -2*n - 1. Calculate a(p).
9
Let u(s) be the first derivative of -5*s**3/3 - s**2/2 - s + 1010. Let c(g) = -g. Let i be c(-2). Calculate u(i).
-23
Let r(o) = -o**3 - 7*o**2 + o + 9. Let v(c) be the first derivative of -c**3 - 11*c**2/2 - 3*c - 9. Let w be v(-4). Calculate r(w).
2
Let i(a) = a**3 + a**2 + a - 1. Suppose 0 = 5*d - 4*s + 30, -35 = 2*d - 5*s - 6. Let f be (-36)/(-44) + (-3)/(33/d). What is i(f)?
2
Let r(w) = 2*w + 3. Let g(y) = 1. Let f(b) = -2*g(b) + r(b). Calculate f(-4).
-7
Let g(j) = 2*j. Let n be g(11). Let p = n - 20. Let q(o) = -o**3 + 5*o**2 - 2*o. Determine q(p).
8
Let o be 65/39*6/5. Let a(y) = -3*y**3 - 8*y**2 + 7*y + 2. Let x(p) = p**3 + p**2 - p - 1. Let z(i) = -a(i) - 4*x(i). Calculate z(o).
4
Let y be 4/((-40)/(-15)) + 25/(-10). Let f(p) = p**2 - 1. What is f(y)?
0
Let r(t) = -2*t**2 - 3 + 26*t - 8*t - 5*t - 8*t. Suppose 0 = -i + 2*p + p + 16, -i - 8 = 5*p. Let b = 10 - i. What is r(b)?
-6
Suppose -4 - 6 = -5*i. Let o(a) = i + 3 - a - 5 + 1. Give o(4).
-3
Let w(u) = -u**3 + 14*u**2 - 10. Suppose 312*y - 313*y + 3*j + 5 = 0, 0 = 5*y + 5*j - 85. Determine w(y).
-10
Let v(w) be the third derivative of -w**4/24 + 13*w**2. Let d(a) = 14*a. Let y(h) = d(h) + 7*v(h). Determine y(-1).
-7
Suppose 0 = -3*h, -2*y - 3*h + 3 + 5 = 0. Let x be (-1)/((-1 - -2)/(-2)). Let u(a) = -6 + x*a - a**2 - a + 4*a. What is u(y)?
-2
Let u(k) = 6*k**2 + 30*k - 56. Let s(z) = -2*z**2 - 10*z + 19. Let l(o) = 17*s(o) + 6*u(o). Give l(-6).
-1
Let x(o) = -7*o - 1. Let h(g) = g**3 - g**2 + 1. Let z = -17 - -17. Let b be h(z). Suppose 5 = 4*u + b. Determine x(u).
-8
Let l(c) = c - 7. Let b(v) = -v**2 - 9*v - 2. Suppose 5*t - 7*t = 0. Suppose -i + 3*i + 16 = t. Let g be b(i). Determine l(g).
-1
Let x(g) = g**3 + 4*g**2 + g. Let u(h) be the first derivative of h**3/3 - 9*h**2/2 + 10*h + 6. Let c be u(4). Let s = c - -7. Determine x(s).
6
Let g(v) be the third derivative of v**4/6 + v**3/3 + 3*v**2. Let l be -5 - ((0 - -4) + -7). Determine g(l).
-6
Let c(k) = -11*k + 745. Let v be c(68). Let n be 0 - (2/(-2) + -1). Let i(a) = -n - 4 - 2*a + 2. Calculate i(v).
2
Let z(h) = 119*h + 125*h - 368*h + 5 + 123*h. Give z(6).
-1
Let w(m) be the second derivative of -m**5/20 - m**4/3 + m**2 - 4*m. Determine w(-3).
-7
Let g(o) = 2*o**2 + 3 - 123*o + 123*o. Let m(v) = -v**2 - 2. Let w(l) = 5*g(l) + 7*m(l). Calculate w(1).
4
Let q(d) be the third derivative of -d**4/8 + d**3/3 - 74*d**2. Give q(3).
-7
Let i(q) = -q**3 - 4*q**2 - 4*q - 4. Let a be (5 - (5 - 2)) + 18. Suppose 0 = -2*h - 3*h - a. Let w = 1 + h. What is i(w)?
-1
Let c(a) = -6*a**2 + 9*a**2 + 8*a - 4*a**2 + 4 + 2 + 2. What is c(11)?
-25
Let v(l) = l**2 + l + 2. Let n(q) = 5*q + 7. Let j(f) = -n(f) + 2*v(f). What is j(3)?
6
Let g = 5 - 15. Let a be ((-18)/g)/((-8)/(-40)). Let m = a - 7. Let t(h) = h. What is t(m)?
2
Suppose 3*l - 4 = 5, -2*z + l = -27. Suppose 0 = -3*p + 3 - z. Let y = p - -2. Let h(c) = c**3 + c**2 - 3*c - 1. Determine h(y).
1
Let c be (7 + 5)/(-24)*-6. Let k(l) be the third derivative of 0*l + 0 + 0*l**4 - 1/3*l**c - 1/60*l**5 + 2*l**2. What is k(0)?
-2
Let y(t) = 2*t**2 + 11*t + 21. Let h(q) = -q**2 - 5*q - 10. Let b be (-7)/(21/(-27)) + -3. Let x(k) = b*y(k) + 13*h(k). What is x(0)?
-4
Let u(y) = -8*y - 142. Let p be u(-18). Let a(j) = j**3 - 2*j**2 - j + 4. Let o(t) = 1. Let n(g) = a(g) - 3*o(g). Give n(p).
-1
Let l(p) = 79*p - 5 + 34 + 18 - 80*p. Give l(0).
47
Let k(a) = a**3 + a**2 - 6. Suppose 4*u - 8*u + 8*u = 0. Determine k(u).
-6
Suppose t = -j + 2, 2*t - 2*j + j = 13. Let q(z) = -2*z + 0*z - 6*z + t + 5*z. What is q(4)?
-7
Let y(b) = -3*b**2 - b - 4. Let o(s) = -2*s**2 - s - 5. Let j(p) = -4*o(p) + 3*y(p). Determine j(7).
-34
Let y(n) = 405*n + 1217. Let q be y(-3). Let u(o) = 1 + o - o**3 - o**2 + 0*o**2 + 2*o**3. Determine u(q).
7
Let x = -95 + 98. Let l(z) be the second derivative of -11*z + 0 + 1/3*z**x + 9/2*z**2. What is l(-6)?
-3
Let m(z) = 3 - z**3 + 90*z**2 - 5*z - 46*z**2 - 2 - 50*z**2 + 1. Give m(-6).
32
Let v(q) = -5*q**2 - 9*q + 4*q**2 + 0*q - 2 + 15 - q. Calculate v(-11).
2
Suppose -5*c + 2*b + 1 = -0, 3*b = -9. Let w(p) = -4*p + 4*p + 5*p - 3*p + 1. Determine w(c).
-1
Let w(r) be the second derivative of r**3/3 - 21*r**2/2 - 523*r. Give w(11).
1
Let u = 53 - 38. Suppose 2*k = -3*k + u. Let d(f) = -5 + 6*f - k*f - 1. Determine d(5).
9
Suppose -2*p - 3*p = -75. Let g be 6/(-15) - (-306)/p. Suppose 0*z - g = -5*z. Let m(o) = o**2 - 3*o. Give m(z).
4
Suppose -29*z = 117 + 57. Let d(r) = -r + 5. Determine d(z).
11
Suppose 6*m = 9*m + 57. Let j = m - -15. Let g(k) = -4*k**3 + 3*k**2 - 10*k + 3. Let x(l) = -l**3 - l + 1. Let r(f) = -g(f) + 5*x(f). What is r(j)?
-2
Let f(o) = 2*o + 23 + 34 - 86 - 12*o**2 + 30. Determine f(-1).
-13
Let n be (11 + -12)*(2 + -1). Let b(a) = a**2 + 5*a + 7. Let k(v) = 1. Let m(x) = n*k(x) + b(x). Give m(-5).
6
Let g(l) = 12*l - 10. Let n(p) = -p**2 + 3*p + 11. Let i be n(5). What is g(i)?
2
Let s be (0 + -1)*-1 + (-31 - -35). Let f(x) = s*x**2 - 7 + x - 3*x**2 - x**2. What is f(0)?
-7
Let